402)/78 - -5). Let f(s) = -16*s**2 + 6*s**2 + s + 6*s**2 + r*s**2 + 2. Give f(2).
0
Let s(m) = 121*m - 36. Let o(y) = -103*y + 35. Let v(f) = 7*o(f) + 6*s(f). Determine v(-13).
-36
Let a(d) = 12 + 8*d + 61 + 39 + 12*d. Give a(-6).
-8
Let h(q) = q**3 + 5*q**2 - 3*q + 5. Let b be h(-5). Let c(n) = 16 + b - 37 - n**2 + 5*n**2. Calculate c(1).
3
Suppose 15*n + 4*f = 18*n + 21, -4*f = n - 9. Let p(h) = 7*h + 3. Let v(d) = -9*d. Let c(b) = n*p(b) - 2*v(b). Give c(-5).
6
Let d(t) = -t**3 + 2*t**2 + 9*t - 3. Let m(z) = -3*z**3 + 6*z**2 + 26*z - 7. Let c(u) = -8*d(u) + 3*m(u). Give c(3).
12
Let w(a) = -a**2 - 26*a + 3095. Let y be w(44). Let q be (-106)/6 - 2/6. Let i = y + q. Let t(k) = 3*k**2 + 3*k - 1. Determine t(i).
17
Suppose -35*z = -12*z - 184. Let j(r) = -6*r + 2*r + 19 + z - 28. Give j(-3).
11
Let c(s) = 8*s + 147. Let o be c(-18). Let i(n) = 3*n**3 - n**o - 2*n**3 + n**3 + 23*n**2 - 17*n**2 + 4. Let y(h) = 2*h + 4. Let a be y(-5). Determine i(a).
4
Suppose 0 = -l + r - 0*r + 4, -3*r + 28 = 2*l. Let j(y) = 8*y - 66. What is j(l)?
-2
Let c(y) = -2*y**2 + 12*y - 2. Suppose 200*x - 203*x + 19 = -2*a, 23 = 5*x + a. What is c(x)?
8
Let r(s) be the second derivative of -s**5/60 - s**4/3 - 7*s**3/6 - 37*s**2/2 - 3*s + 2. Let h(j) be the first derivative of r(j). Calculate h(-6).
5
Let n(j) = -3*j - 1. Suppose -5*o - 109 = 5*g - 34, 3*g - 5 = 2*o. Let d be (3 + (-44)/12)/(o/(-15)). What is n(d)?
2
Suppose 4*p - 4*a - 40 = 0, -50 = -3*p + 4*a - 5*a. Let v(y) = -1 - 62*y + p*y + 14*y + 18*y + 19*y. Determine v(7).
27
Let b be (21/9)/(38/(-114)). Let n(s) = -4*s + 6. Determine n(b).
34
Let r(l) be the second derivative of 39/2*l**2 - 15*l - 1/3*l**3 + 0. Let w be r(20). Let q(h) = 7*h**3 + 1. Calculate q(w).
-6
Suppose m + 1 = -8*m + 28. Let x(f) = 12*f**2 + 6*f - 7. Calculate x(m).
119
Let y(x) = 298*x**2 - 56*x + 42. Let s(p) = 58*p**2 - 11*p + 8. Let u(j) = 31*s(j) - 6*y(j). Give u(-1).
11
Let x(j) = -64 + 31 + 34 + 5*j - 6*j**2 + j**2. Let a(b) = -4*b**2 + 6*b + 1. Let l(o) = -3*a(o) + 2*x(o). Calculate l(6).
23
Let i(z) = z**3 + 12*z**2 + 28*z - 13. Let h be i(-7). Suppose -45*w + 36*w = h. Let q(t) = t**2 + 4. Calculate q(w).
20
Let i = 1793 + -1797. Let s(p) = p**2 + 7*p + 12. What is s(i)?
0
Let n(y) = 3*y + 97. Let b be (-89)/3 - 3 - 8/(-12). Let q be n(b). Let h(a) be the second derivative of -7*a**3/6 - a**2/2 + 15*a. Calculate h(q).
-8
Let j(p) = p**3 - 2*p**2 + 3*p - 11. Let u be j(3). Let m(h) = h - 7*h + 1 - 3 + u*h. Let b(a) = -a**2 - 8*a - 4. Let v be b(-7). Determine m(v).
1
Let f(o) = -6*o**3 + o**2 - o - 18. Let c(g) = -79*g**3 + 12*g**2 - 17*g - 238. Let h(m) = c(m) - 13*f(m). Let r = 8 - 11. Determine h(r).
26
Let z(h) = -8*h**2 + 6. Let k(f) = -f**3 - 14*f**2 + 10. Let d(l) = 3*k(l) - 5*z(l). Give d(-3).
63
Let b(z) be the first derivative of 5/3*z**3 + 3*z**2 - 9*z - 1/4*z**4 + 2. Let s = -35572 + 35578. Calculate b(s).
-9
Let s be (-5 - -17) + -9 + 2. Let k be ((-5)/(-3))/(s*6/(-90)). Let a(r) = -r**3 - 4*r**2 + 8*r + 5. Calculate a(k).
-10
Let y(g) = 263*g + 2*g**2 - g**2 - 521*g + 249*g + 0*g**2 + 5. Let f be (-70)/(-15)*(-6)/(-4). Calculate y(f).
-9
Let c be 5 - -2 - (187 + -163). Let s(o) = -o**3 - 16*o**2 + 19*o - 9. Determine s(c).
-43
Let w be ((-8)/6)/((-2)/3). Let m = -26 + 33. Let x(q) = -4 - m*q + 2 + 1 + 3. What is x(w)?
-12
Let i(v) = 4*v**3 - 6*v**2 - 4*v - 2. Let m = -133 + 139. Let z(p) = -5*p**3 + 6*p**2 + 5*p + 3. Let n(u) = m*i(u) + 5*z(u). Give n(-6).
-3
Let l be (-2049)/14343 + (-2)/(-7)*67. Let x(q) be the first derivative of 1/2*q**2 - 2*q - l - 2/3*q**3. What is x(-2)?
-12
Let n(v) = -4*v. Suppose 4*t + 11 = 5*f, -t - 1 = 2*f + 5. Let u be n(f). Suppose o = -u*o + 35. Let g(k) = -k**2 + 8*k - 1. What is g(o)?
6
Let z(a) = a**2 - 52*a + 473. Let o be z(40). Let p(j) = -j**3 - 9*j**2 - 7*j + 4. Let k(c) = c**3 + 9*c**2 + 6*c - 4. Let d(m) = -2*k(m) - 3*p(m). Give d(o).
31
Let q(v) = -v**3 - 11*v**2 + 3*v + 33. Let i(u) = -u**2 - 84*u - 1765. Let t be i(-45). Determine q(t).
-97
Let k(m) be the third derivative of -m**4/24 - 13*m**3/3 + m**2 - 118. Give k(-8).
-18
Let s be ((-20)/(-25))/((-2)/(-15)). Let y(z) = -3*z + 13. Let h be y(s). Let t(k) = -k + 1. Let x(i) = i - 1. Let d(n) = 2*t(n) + 3*x(n). Calculate d(h).
-6
Let h(d) = d + 5. Let t = -245 - -258. Suppose 0 = t*y - 2*y + 33. What is h(y)?
2
Let n be 1 + ((-8)/6)/((-1150)/138*4/(-50)). Let r(y) be the first derivative of -3*y**4 - 1. Give r(n).
12
Let u be -6*(0 + 2)/4. Let v(f) = 348*f**2 - 14*f + 18. Let y(d) = -731*d**2 + 29*d - 38. Let q(s) = -21*v(s) - 10*y(s). What is q(u)?
8
Let a(r) be the third derivative of 2*r**5/5 - r**4/12 + 2*r**3/3 + 71*r**2. Let s(y) = 13*y**2 - y + 2. Let u(w) = 4*a(w) - 7*s(w). What is u(1)?
6
Let w(v) be the first derivative of -19*v**2/2 - 332*v + 101. Let m be w(-17). Let o(u) = -u**2 - 10*u + 11. Determine o(m).
20
Let j(u) = 6*u**2 + 22*u + 9. Let t be j(-4). Let n(q) = 2*q - 8*q + 2*q**2 - 29 + t + 15. Calculate n(6).
39
Suppose 45*u - 173*u + 258 = 2. Let f(c) be the second derivative of -15*c + 0 - 1/12*c**4 + 5/3*c**3 + 0*c**u. Give f(10).
0
Let y(b) = 6*b**2 + 3*b**2 + 4 - 8308*b**3 + 8305*b**3. Let p(t) = t**3 - 4*t**2 - 2. Let i(n) = 5*p(n) + 2*y(n). Let h be (-2)/5 - (-39)/(-15). What is i(h)?
7
Let k(w) be the first derivative of 2*w**3/3 + 5*w**2/2 + 10. Let t = -1875 + 1872. Give k(t).
3
Let y(z) = 2*z**3 - 2*z**2 + 6. Suppose -w - 1 = -2*u, 5*u - 145 + 147 = 4*w. Calculate y(u).
14
Let r(a) = 2*a + 3. Let v be ((-186)/8)/((-72)/192). Suppose -v*o + 57*o = 20. What is r(o)?
-5
Let j = -109 - -117. Let h(k) = -9 + 6*k + j*k - 24*k + 5*k + 10*k. Determine h(5).
16
Let s = -23156 + 23157. Let k(n) = 40*n**2 + 4*n - 3. Determine k(s).
41
Suppose 10*z - 1728 + 7348 = 0. Let x = z + 570. Let h(l) = l**2 - 9*l - 7. Determine h(x).
-15
Let o be 297/(-54)*8/(-22). Let g(y) be the first derivative of -1/4*y**4 - o*y - 1/3*y**3 - 1/2*y**2 + 13. Calculate g(0).
-2
Let o be (-1 + 2)/(2*6/(-24)). Let t(s) = -118*s - 2 - 1 + 102*s. Calculate t(o).
29
Suppose 0 = b - 2*b + 5. Let i(c) = 9*c**2 - 9*c + 42. Let m(k) = 7*k**2 - 8*k + 31. Let h(a) = -3*i(a) + 4*m(a). Determine h(b).
-2
Let y(s) = -s**3 - 8*s**2 - 9*s - 10. Let v be 3*1 - (-13 - -16). Suppose 36 + v = 9*h. Suppose -2*p - 4*q - 2 = 0, -h*p - 4*q = p + 23. Give y(p).
4
Let j be (-16 - (6 + -15)) + 16. Let i(n) = n**3 - 10*n**2 + 8*n + 1. Give i(j).
-8
Let y(v) = 2*v**3 + 4*v**2 + 6*v + 2. Suppose 16 = 10*n + 36. What is y(n)?
-10
Let k(x) = 3*x + 14. Suppose -2 + 6 = -4*a - 4*d, 3 = d. Let i be a/(-5) + 162/(-15). Determine k(i).
-16
Let a(b) = -4*b**2 - 2*b + 1. Let u(g) = 23*g**2 - 10*g - 51. Let w(o) = -6*a(o) - u(o). What is w(-13)?
-72
Let x(b) = -17*b - 245. Let j(c) = -8*c - 133. Let h(v) = -5*j(v) + 3*x(v). Calculate h(-7).
7
Let t be 0/(-1) + (71 - 0). Suppose t = -g + 149. Let l = g - 75. Let f(x) = x**3 - 4*x**2 + 3*x - 2. Determine f(l).
-2
Let h(s) = -s**2 + 24*s - 52. Let f(c) = -2*c**3 - 7*c**2 + 70*c + 5. Let d be f(-8). Determine h(d).
11
Let d be (-3*(-220)/42)/(-2) + (-1)/7. Let v(n) = 3*n - 10. Give v(d).
-34
Let c(g) = -81*g**3 + 20*g**2 + 56*g - 8. Let o(v) = 40*v**3 - 11*v**2 - 30*v + 5. Let l(y) = -6*c(y) - 11*o(y). What is l(-1)?
-46
Let z(i) be the second derivative of 5*i**3/6 - 69*i**2/2 + 2*i - 30. Let d be z(15). Let g(y) = -6 - 4*y**2 - 8*y + 4*y**2 + y**2. Give g(d).
-18
Let c(i) be the first derivative of -2*i**3/3 - 8*i**2 - 9*i + 219. Give c(-8).
-9
Let v(b) = 4*b + 3. Let a = -8 - -6. Let k be v(a). Let j(z) be the first derivative of z**3/3 + 5*z**2/2 + 7*z - 52. Determine j(k).
7
Let n be 4/(-16)*-4*-1. Let l be (-1*(-9 - -2))/n. Let q(c) = -c**2 - 8*c - 5. What is q(l)?
2
Let y(t) = 12*t**2 - 5. Let r(h) = h**2 - 1. Let u(b) = 6*r(b) - y(b). Let l be (-40)/80*(1 - -1). Determine u(l).
-7
Let i = -7 + 11. Let x(a) be the second derivative of 2*a**3/3 - a**2 - 3*a - 42. What is x(i)?
14
Let u(z) = 40*z + 156. Let q(t) = -21*t - 86. Let b(y) = 22*q(y) + 12*u(y). Give b(1).
-2
Let p(c) = -46*c - 37. Let r be p(-1). Let a be (-3)/(((-11)/44)/((-6)/r)). Let u(n) = -n**3 - 8*n**2 - 4. What is u(a)?
-4
Let h(p) = 7*p + 1. Let y(s) = -s. Suppose 2*r - j - 5 + 2 = 0, 2*r - 2*j - 4 = 0. Let t(c) = r*h(c) + 6*y(c). Let w(u)